t the prime factors of k(c).
17
Let o = -17 + 20. Suppose c + 3 = 0, -4*c + 117 = o*v - c. What are the prime factors of v?
2, 3, 7
Let q(i) = -i**3 - 3*i**2 - 4*i - 4. Let c(m) = -m**3 - 5*m**2 - 3*m + 4. Let y be c(-4). Suppose 3*s - 8*s - 15 = y. List the prime factors of q(s).
2
Suppose -4*q = -n - q + 15, 15 = 2*n - q. Let f(j) = -2 + 2*j + n*j**2 - j**2 - 2*j**2. What are the prime factors of f(2)?
2, 7
Suppose -3*q - f + 249 + 375 = 0, -3*q = 3*f - 618. What are the prime factors of (q/22)/((-1)/(-2))?
19
Suppose 23 = -3*k - 13. Let w = k - -14. List the prime factors of w.
2
Suppose -5*t = -5*h + 1110, -5*h + t + 1104 = -2*t. List the prime factors of h.
3, 73
Let b = 72 - 123. Let p be b/2*(-8)/3. List the prime factors of (p/12)/(2/6).
17
Let b(o) = -o + 12. List the prime factors of b(5).
7
Suppose 2*q - 30 = 7*q. Let x(m) = m**3 + 8*m**2 + 8*m + 8. List the prime factors of x(q).
2
Suppose 37 + 19 = 4*x. Let l = x + -10. Suppose 48 = l*u + 12. List the prime factors of u.
3
Let q(c) = 2*c**2 + 4*c + 1. Let a be (-1)/(-2)*-1*12. Let j = a + 3. What are the prime factors of q(j)?
7
List the prime factors of 14/(-21)*-4*3.
2
Let v(p) be the third derivative of 1/12*p**4 + 2*p**2 + 0 + 1/12*p**5 + 0*p**3 + 1/120*p**6 + 0*p. List the prime factors of v(-2).
2
Let p(l) = l**2 - 9*l + 19. List the prime factors of p(11).
41
Suppose 9 = -m + 4*m. What are the prime factors of 18 + m - 6/(-2)?
2, 3
Let v(s) = -53*s + 6. What are the prime factors of v(-2)?
2, 7
Let h(d) = -3*d - 5. Suppose -3*m = 11 + 10. Let y be h(m). Suppose 0*a + 10 = 2*a + 3*f, 4*f = -y. What are the prime factors of a?
11
Let h = 6 + 0. Let o(m) = -m**3 + 6*m**2 + m - 1. Let p be o(h). Suppose p = 4*g - 4*j - 51, 0 = 2*g - 5*j - 40. What are the prime factors of g?
2, 5
Let k = 10 - -13. List the prime factors of k.
23
Let c be (-6)/21 - (-66)/(-14). Let q = 8 + c. Suppose -2*x + q = -x. What are the prime factors of x?
3
Let a(n) = -3 + 1 - 4*n + 3 + n. Let f(h) = h**3 + 6*h**2 - h - 7. Let v be f(-6). What are the prime factors of a(v)?
2
Let h(q) = -q + 3. Let t be h(3). Let i be 37 + (-1 - t - -2). Let l = -25 + i. List the prime factors of l.
13
Let p(j) = j + 1. Let i be p(-1). What are the prime factors of (i - -1) + (-18)/(-6)?
2
Let f(r) = 20*r**2 + 13*r. Let p be f(-9). List the prime factors of p/117 + 4/26.
13
List the prime factors of (108/(-20))/((-6)/20).
2, 3
List the prime factors of (416 - 26)*(-2)/(-10)*2.
2, 3, 13
What are the prime factors of 65/1 - (2 - (-1 + 6))?
2, 17
Suppose 4*v - 2*j - 98 = 3*j, v = j + 24. What are the prime factors of v?
2, 11
Let k(c) = c**3 - 5*c**2 - 4*c - 15. What are the prime factors of k(7)?
5, 11
Let u = 18 - -55. What are the prime factors of u?
73
Let i(g) = 2*g**3 - 3*g**2 + g - 3. Let v be i(3). List the prime factors of v - (-3)/(-6)*-2.
2, 7
Let l be (-1)/(-2 + 6/4). Let w = -3 + l. Let u = w + 10. What are the prime factors of u?
3
Let z be ((-6)/2)/((-9)/15). Suppose 0*v - v + z = 0. What are the prime factors of v?
5
Suppose -h + 46 = 5*s + h, 31 = 5*s - 3*h. Let i be 2/(-1 - 0) + s. Suppose i*y = y + 40. What are the prime factors of y?
2
Let q be (21/4)/(6/32). Suppose a = -0*a + q. List the prime factors of a.
2, 7
Suppose -5*s + 0 + 5 = 0. List the prime factors of (s - 31)*(-16)/10.
2, 3
What are the prime factors of (-4 - 2261/(-49)) + 2/(-14)?
2, 3, 7
Let o = -225 + 499. List the prime factors of o.
2, 137
Suppose 0 = 10*o - 223 - 1127. What are the prime factors of o?
3, 5
Let g = -132 - -197. What are the prime factors of g?
5, 13
Suppose 0 = 2*t - 5*t - 12. What are the prime factors of -2*(-2)/t + 12?
11
Suppose -f = -3*f. Suppose f = -2*p + p - l + 38, -5*p + l + 160 = 0. Suppose -2*a + p = a. What are the prime factors of a?
11
Let g(t) = 2*t**2 + 9*t + 5. Let o = -13 - -7. List the prime factors of g(o).
23
Let s(r) = 3*r**2 - 13*r - 36. What are the prime factors of s(-3)?
2, 3, 5
Suppose 5*h = 2*x + 2, -3*x + 3*h + 2 + 4 = 0. Let d(z) = -13*z - 4. Let o be d(x). Let s = -39 - o. What are the prime factors of s?
17
Suppose 0 = 3*k - 391 - 35. What are the prime factors of k?
2, 71
Let w(o) = 7*o - 6. Let i be w(5). Suppose 0 = -c - 5*p + 18, 140 = 5*c + 4*p + i. What are the prime factors of c?
23
Suppose -3*o + 6 = 4*p + 3, 0 = -4*o + 4. Let j = 2 - p. What are the prime factors of j?
2
Suppose -3*v + 5*v - 325 = x, v = -x + 164. List the prime factors of v.
163
Suppose -c - 224 = -3*r - 0*r, 0 = -3*r + 5*c + 244. List the prime factors of r.
73
Let r be (-52)/6*(-12)/8. Let f(g) = -1 + 4*g - r*g + 4 - g**2 - 6. What are the prime factors of f(-8)?
5
Let m(v) = -v**2 - 2*v + 7. Suppose 0 = -3*c + 5*j - 10, 2*j = -5*c + 2*c + 25. Let f be m(c). Let l = -17 - f. List the prime factors of l.
11
Let m be (1 - -2 - 1)*1. Suppose 0*i + 8 = m*i. Suppose 0 = 4*r - 12, -i*v - r - 27 + 70 = 0. List the prime factors of v.
2, 5
Let k = 85 + -83. List the prime factors of k.
2
Let y(a) = -a**3 - 6*a**2 - 6*a + 7. Let r be y(-5). Suppose 11 + 9 = 2*n + 3*t, -r = -3*t. Suppose n = b + 2. What are the prime factors of b?
2
Suppose 4*k + 5 = k - d, 5*d = -10. Let w(g) = g**3 + 6*g**2 - g - 8. Let z be w(-6). What are the prime factors of (-6)/(k/z + -2)?
2
Let o(v) = -v**2 + 3*v + 8. What are the prime factors of o(4)?
2
Let z(j) = j**3 + 8*j**2 - 5*j - 21. What are the prime factors of z(-6)?
3
Suppose -6*l - 9 = -3. Let h(r) = -13*r - 5 + 3 + 3. What are the prime factors of h(l)?
2, 7
Let z = -29 - -73. What are the prime factors of z?
2, 11
Let m(u) = 4*u**2 - u + 5. List the prime factors of m(-3).
2, 11
Suppose 0 = -3*d + 2*d. Let o be d + -10*(3 - 2). What are the prime factors of (-4)/(-10) - 36/o?
2
Suppose m + 63 = 2*m. What are the prime factors of m?
3, 7
Let l(d) = d**2 - d + 21. Let m(t) = -t**3 - t**2 + t - 2. Let r be m(-2). Let s be l(r). Let y = s - 14. What are the prime factors of y?
7
Let q(b) = 2*b**2 + 4*b**2 - 4 - 5*b**2. Suppose 2*v + 10 - 2 = 0. List the prime factors of q(v).
2, 3
What are the prime factors of (5 - -4 - 2)*11?
7, 11
Suppose 2*t + t + 154 = h, -h = -4*t - 156. What are the prime factors of h?
2, 37
Let f(j) = j**2 - 9*j - 7. Let i be f(10). Let w be -4 + i - (-14 - 0). Let d = w + -5. What are the prime factors of d?
2
Suppose 5*g + 22 = -0*t + t, g + 134 = 5*t. List the prime factors of t.
3
Let f = 11 - 7. Let t be ((-4)/6)/(f/(-6)). What are the prime factors of (51/9)/(t/3)?
17
Let n(j) be the third derivative of -j**4/24 + j**3/6 - 2*j**2. Let q be n(-4). What are the prime factors of (q/(-2))/(4/(-8))?
5
Suppose 4*n + 4 = 0, -3*n + 118 = 3*x - 4*n. List the prime factors of x.
3, 13
Let q = 4 + 0. Let g = -7 + q. Let z(c) = -c**3 - c**2 + 3*c + 4. List the prime factors of z(g).
13
Let j(a) = 3*a**2 - 4*a. What are the prime factors of j(-3)?
3, 13
Let h(k) = -k**2 + k + 10. Let g be h(0). Let l be 28*(g/4)/5. List the prime factors of (-2 + l/3)*6.
2
Suppose -5*g - 4*f + 52 = 0, -g + 9 = -f - 5. Let t(b) = b - 5. List the prime factors of t(g).
7
Suppose 3*p + r = 13, -p + r + 2*r = -21. Suppose -3*i - 39 = -p*i. What are the prime factors of i?
13
Let q = 9 - 5. Suppose -4*n + 8 = 2*a - q*a, 3*n - 17 = -4*a. Suppose n*v - s = 54 - 14, 35 = 2*v + s. What are the prime factors of v?
3, 5
Suppose w - 3 = 4*w. Let g = 1 - w. Suppose g*z = -3*m + 41, -m = 2*z + 4*m - 47. List the prime factors of z.
2
Let w(i) be the first derivative of i**2/2 + 9*i + 1. What are the prime factors of w(-5)?
2
Let p(o) be the second derivative of 1/3*o**4 - 2*o + 0*o**2 + 0 - 1/2*o**3. List the prime factors of p(2).
2, 5
Let f(i) = -11*i + 27. What are the prime factors of f(-4)?
71
Suppose 0 = 4*v - 5*p - 181, -17*v + 14*v + 132 = -3*p. List the prime factors of v.
3, 13
Let k = 1 - -8. List the prime factors of -1 + k/3 - -8.
2, 5
Suppose 5*m - 18 = 7. Suppose 3*x = 5*h + x - 25, -h - 3*x + m = 0. Suppose h*u - 11 = 89. List the prime factors of u.
2, 5
Suppose 7*t - 45 = 4*t. Let n(c) = c**3 - 14*c**2 - 14*c + 12. What are the prime factors of n(t)?
3
Let z be (6/7)/(3/21). Let l = z - 2. Suppose 0 - 60 = -l*r. What are the prime factors of r?
3, 5
What are the prime factors of 525/(-14)*12/(-15)?
2, 3, 5
List the prime factors of 7/(1/(-20)*-82 + -4).
2, 5, 7
Let i(q) b